ands digit of 131811?
3
What is the units digit of 50469?
9
What is the tens digit of 776212?
1
What is the units digit of 2246790?
0
What is the units digit of 11445960?
0
What is the tens digit of 310244?
4
What is the ten thousands digit of 50415?
5
What is the ten thousands digit of 58150?
5
What is the units digit of 33050?
0
What is the thousands digit of 1728820?
8
What is the ten thousands digit of 633147?
3
What is the tens digit of 2203405?
0
What is the millions digit of 6575132?
6
What is the ten thousands digit of 71146?
7
What is the thousands digit of 7045223?
5
What is the units digit of 39714880?
0
What is the hundred thousands digit of 3712128?
7
What is the tens digit of 3644467?
6
What is the tens digit of 429865?
6
What is the units digit of 140866?
6
What is the thousands digit of 2132094?
2
What is the thousands digit of 2062939?
2
What is the hundred thousands digit of 1533745?
5
What is the hundred thousands digit of 465755?
4
What is the hundred thousands digit of 971186?
9
What is the thousands digit of 9857681?
7
What is the ten thousands digit of 3999934?
9
What is the ten thousands digit of 650342?
5
What is the units digit of 39258456?
6
What is the millions digit of 2016674?
2
What is the hundred thousands digit of 668580?
6
What is the millions digit of 5338355?
5
What is the tens digit of 2518253?
5
What is the hundreds digit of 122791?
7
What is the hundreds digit of 7233155?
1
What is the millions digit of 3462038?
3
What is the units digit of 1212865?
5
What is the ten thousands digit of 5647268?
4
What is the tens digit of 247651?
5
What is the units digit of 212012?
2
What is the tens digit of 25801?
0
What is the hundred thousands digit of 13863197?
8
What is the units digit of 659478?
8
What is the units digit of 70528?
8
What is the millions digit of 21852320?
1
What is the ten thousands digit of 4135163?
3
What is the hundred thousands digit of 1109095?
1
What is the units digit of 1399307?
7
What is the millions digit of 1140225?
1
What is the ten thousands digit of 144140?
4
What is the tens digit of 16098357?
5
What is the millions digit of 4980819?
4
What is the millions digit of 1467526?
1
What is the millions digit of 2700294?
2
What is the hundred thousands digit of 274123?
2
What is the millions digit of 1928412?
1
What is the millions digit of 3038613?
3
What is the hundreds digit of 1285751?
7
What is the tens digit of 172174?
7
What is the hundred thousands digit of 1181346?
1
What is the millions digit of 6482328?
6
What is the units digit of 1554415?
5
What is the thousands digit of 3368003?
8
What is the ten thousands digit of 6307708?
0
What is the millions digit of 1386619?
1
What is the hundreds digit of 341341?
3
What is the thousands digit of 559874?
9
What is the thousands digit of 4358761?
8
What is the hundreds digit of 363539?
5
What is the units digit of 4662869?
9
What is the hundreds digit of 4269871?
8
What is the hundreds digit of 765043?
0
What is the thousands digit of 8479202?
9
What is the ten thousands digit of 1240920?
4
What is the ten thousands digit of 304465?
0
What is the tens digit of 1339760?
6
What is the units digit of 1521021?
1
What is the tens digit of 2926372?
7
What is the units digit of 9129534?
4
What is the millions digit of 3224615?
3
What is the units digit of 380725?
5
What is the hundreds digit of 29117471?
4
What is the ten thousands digit of 433345?
3
What is the tens digit of 14234166?
6
What is the units digit of 3297261?
1
What is the thousands digit of 190221?
0
What is the hundred thousands digit of 427325?
4
What is the thousands digit of 5733661?
3
What is the thousands digit of 3718692?
8
What is the hundreds digit of 823300?
3
What is the tens digit of 7704013?
1
What is the tens digit of 190699?
9
What is the tens digit of 234987?
8
What is the thousands digit of 88435?
8
What is the millions digit of 5519023?
5
What is the millions digit of 15955939?
5
What is the hundreds digit of 1405052?
0
What is the thousands digit of 3956355?
6
What is the millions digit of 1971180?
1
What is the millions digit of 23313317?
3
What is the hundreds digit of 1840124?
1
What is the hundreds digit of 1768083?
0
What is the tens digit of 1344927?
2
What is the units digit of 4969920?
0
What is the millions digit of 18017782?
8
What is the units digit of 1167226?
6
What is the hundred thousands digit of 622638?
6
What is the units digit of 2135729?
9
What is the hundred thousands digit of 867398?
8
What is the ten millions digit of 27775336?
2
What is the hundreds digit of 130906?
9
What is the ten thousands digit of 5388546?
8
What is the units digit of 404287?
7
What is the hundred thousands digit of 133254?
1
What is the hundred thousands digit of 223695?
2
What is the ten thousands digit of 432001?
3
What is the units digit of 10929418?
8
What is the units digit of 333328?
8
What is the thousands digit of 113384?
3
What is the tens digit of 427988?
8
What is the tens digit of 1498927?
2
What is the hundred thousands digit of 3464252?
4
What is the thousands digit of 23694044?
4
What is the ten thousands digit of 2775289?
7
What is the ten thousands digit of 634613?
3
What is the units digit of 11009333?
3
What is the hundreds digit of 203537?
5
What is the hundred thousands digit of 4180749?
1
What is the tens digit of 1874551?
5
What is the hundreds digit of 4938517?
5
What is the thousands digit of 1242817?
2
What is the hundred thousands digit of 1729023?
7
What is the hundreds digit of 17131877?
8
What is the ten thousands digit of 255772?
5
What is the units digit of 381535?
5
What is the tens digit of 7857391?
9
What is the hundreds digit of 2140154?
1
What is the hundred thousands digit of 10714063?
7
What is the thousands digit of 1284324?
4
What is the ten thousands digit of 222987?
2
What is the thousands digit of 303085?
3
What is the thousands digit of 30602560?
2
What is the tens digit of 637736?
3
What is the hundreds digit of 7853988?
9
What is the thousands digit of 2253334?
3
What is the hundred thousands digit of 1101628?
1
What is the thousands digit of 6557049?
7
What is the hundred thousands digit of 11252517?
2
What is the tens digit of 11161669?
6
What is the units digit of 391026?
6
What is the tens digit of 926188?
8
What is the thousands digit of 568978?
8
What is the hundreds digit of 5039306?
3
What is the units digit of 164485?
5
What is the units digit of 41114?
4
What is the thousands digit of 144908?
4
What is the tens digit of 6170106?
0
What is the hundreds digit of 8483136?
1
What is the tens digit of 193896?
9
What is the hundreds digit of 455269?
2
What is the tens digit of 6975307?
0
What is the units digit of 6412040?
0
What is the tens digit of 3011620?
2
What is the units digit of 5315548?
8
What is the ten thousands digit of 7929194?
2
What is the ten millions digit of 26008079?
2
What is the thousands digit of 4923551?
3
What is the ten thousands digit of 1527705?
2
What is the tens digit of 149031?
3
What is the millions digit of 3503595?
3
What is the ten millions digit of 18262899?
1
What is the hundred thousands digit of 643503?
6
What is the tens digit of 499436?
3
What is the millions digit of 1302728?
1
What is the tens digit of 9311846?
4
What is the hundred thousands digit of 117096?
1
What is the hundreds digit of 9994485?
4
What is the units digit of 5321814?
4
What is the units digit of 652191?
1
What is the hundred thousands digit of 6171102?
1
What is the hundreds digit of 160080?
0
What is the hundreds digit of 573407?
4
What is the hundreds digit of 429715?
7
What is the units digit of 873916?
6
What is the hundred thousands digit of 344189?
3
What is the ten thousands digit of 1942623?
4
What is the hundred thousands digit of 364507?
3
What is the ten thousands digit of 374267?
7
What is the thousands digit of 396998?
6
What is the thousands digit of 403140?
3
What is the hundred thousands digit of 1848486?
8
What is the hundred thousands digit of 17300529?
3
What is the units digit of 1376755?
5
What is the ten thousands digit of 623857?
2
What is the hundred thousands digit of 1784813?
7
What is the millions digit of 1919098?
1
What is the thousands digit of 930467?
0
What is the hu